*z + 79 = 37. Let o(g) = g - 2. What is o(z)?
-9
Suppose -4 = -0*v + v, 3*i = v + 10. Let u(a) = -a + 33 + a**3 - i*a**3 - 21. Give u(0).
12
Let t(g) be the third derivative of g**7/5040 + g**6/180 - 7*g**5/60 + 11*g**2. Let n(h) be the third derivative of t(h). Calculate n(0).
4
Let k(z) = -3*z**2 - 3*z + 1. Let x(h) = -2*h**2 - 7*h + 1. Let f(o) = 4*o**2 + 15*o - 2. Let m(p) = 6*f(p) + 13*x(p). Let l(d) = 3*k(d) - 5*m(d). What is l(4)?
-2
Suppose 0 = -4*g + 2*g + 46. Suppose 5 - g = -2*p. Let l be 1*-1 - (p + -6). Let u(t) = -t**3 - 3*t**2 + 4*t + 3. Give u(l).
3
Let y(h) be the second derivative of 1/3*h**3 - 18*h - 1/6*h**4 + h**2 + 0. What is y(-2)?
-10
Let b(f) be the second derivative of -f**5/20 + 5*f**4/6 + 5*f**3/3 - f**2 - f - 4. Give b(11).
-13
Let a(x) = -x**2 - 6*x - 2. Let c be a(-4). Suppose -32 = 4*l + 4. Let p be l/(3 - c)*1. Let k(g) = -g**3 + 2*g**2 + 3*g + 1. Determine k(p).
1
Let f(x) = -x**3 + 3*x**2 + 5*x - 2. Suppose 7*c + 5*o - 15 = 2*c, -15 = -3*c + 3*o. Calculate f(c).
2
Let g(b) = -198*b - 201*b + 1 - 201*b + 592*b. Let x be 8/20 - (-8)/5. Calculate g(x).
-15
Let a(l) = 4*l - 3. Suppose -3*c - 2*u + 1 = -7*u, -2*c + 1 = -3*u. Suppose -c*o = 6*d - 2*d + 4, 5*o - 11 = -3*d. Calculate a(o).
13
Suppose -3*g - 267 = -279. Let p(q) = q**3 - 3*q**2 - 7*q + 5. Give p(g).
-7
Let b(s) = s**3 - 2*s. Suppose 4*g = -6*g - 20. Determine b(g).
-4
Let s(b) be the second derivative of b**4/12 + b**3/6 - 15*b**2/2 - 15*b + 7. Give s(0).
-15
Let r(w) = w**3 + 14*w**2 + 7. Suppose -70 + 84 = -v. What is r(v)?
7
Let q(d) = -9*d + 2. Let f(g) = 6*g - 1. Let i(s) = 7*f(s) + 5*q(s). Let n(u) = -3*u + 4. Let h(p) = 5*i(p) - 4*n(p). Give h(1).
-4
Let i(q) = -2*q**2 + 4*q - 1. Suppose -10*h = -51 + 21. Calculate i(h).
-7
Let c(v) = 1. Let b(t) = -10*t**2 + 23*t**2 - 6*t**2 - 8*t**2 + t + 5. Let q(p) = -b(p) + 4*c(p). Calculate q(2).
1
Let f(n) = n - 1. Let g(x) = x**2 + 4*x - 3. Suppose -4*s = 19 + 1. Let u be g(s). Suppose u*o + 4*b + 1 = 3*b, -5*b + 16 = 3*o. Determine f(o).
-4
Let b(f) be the first derivative of f**3/3 + f**2 - 4*f - 47. Let k(h) be the first derivative of h**2 + 6*h - 1. Let p be k(-5). Calculate b(p).
4
Let n(h) = -69 + 36 - 4*h + 3*h + 35. Suppose -2*u - 31 = -5*m - 3*u, 4*m + 3*u - 16 = 0. Give n(m).
-5
Let u be 69/(-184) + 13/24. Let c(g) be the third derivative of -u*g**3 + 1/30*g**6 + 0 + 0*g**5 + 0*g + 2*g**2 - 1/12*g**4. What is c(-1)?
-3
Let d(b) = b**2 - 249*b + 732. Let s be d(3). Let p(w) = 0*w**3 - 6*w**3 - 3 - 6*w + 5*w**3 - 7*w**2. Determine p(s).
-3
Suppose 229 = -7*i + 194. Let c(u) = -u**2 - 4*u + 2. Determine c(i).
-3
Let i(u) = -2*u**2 + u**2 - 11 - u**2 - 7*u + 3*u**2 - 2*u. What is i(11)?
11
Let m(h) = 6*h + 6*h**2 + 0*h + 3*h**3 - 7 - 3*h - 2*h**3. Suppose 5*x = -6 - 19. Determine m(x).
3
Let u = 119/790 - 4/79. Let z(w) be the third derivative of -5/24*w**4 - 1/120*w**6 - u*w**5 + 0*w - 6*w**2 + 0 - 1/6*w**3. Give z(-5).
-1
Let y = -113 - -117. Let x(i) = i**3 - 8*i**2 - y*i - 2 + 3 - 2*i**2 + 6*i**2. What is x(5)?
6
Let r be (-6 + 0)*(-6)/9 + -6. Let t(x) = 4*x**2 + x. Let w(k) = -k - 1. Let z(i) = t(i) - 3*w(i). Determine z(r).
11
Let n(z) = 3*z**2 + 254*z - 3*z**2 + 24 + z**2 - 263*z. Determine n(8).
16
Suppose -2*d = -959 + 949. Let w(g) = g**2 - 4*g - 6. Determine w(d).
-1
Let m(x) be the first derivative of x**4/4 + 4*x**3/3 + 3*x**2/2 + 2*x + 5. Let l = 16 + -22. Let o = l + 3. Calculate m(o).
2
Let s = 6 + 1. Let l(f) = -f**3 - f**2 + 9*f + 14. Let x be l(-3). Suppose -2*o - x = -s. Let j(t) = 3*t**2 + t - 1. What is j(o)?
3
Let a(t) = 5*t**3 + 9*t**2 + 10*t + 4. Let s(u) = 13*u**3 + 26*u**2 + 29*u + 13. Let h(c) = -8*a(c) + 3*s(c). Determine h(7).
7
Suppose -6*z = 61 + 29. Let v(m) = m**2 + 17*m + 42. Let t be v(z). Let s(c) = -c**3 + 13*c**2 - 12*c + 3. What is s(t)?
3
Let t(o) = -115*o - 454. Let q be t(-4). Let v(f) = -f**2 + 11*f - 21. Give v(q).
9
Let p(c) = -c. Let i be 0 - 2 - (1 + -4). Let g(j) = 6*j - 3. Let r(b) = i*g(b) + 3*p(b). Let a(w) = -4*w + 4. Let h(d) = -2*a(d) - 3*r(d). What is h(2)?
-1
Let g(f) be the second derivative of f**5/60 - 7*f**4/24 + f**3/6 + 9*f**2/2 - 17*f. Let i(w) be the first derivative of g(w). Calculate i(7).
1
Let d(n) = n + 10. Let r(y) = y + 16. Let a(g) = 3*d(g) - 2*r(g). Give a(7).
5
Let n(p) be the third derivative of -p**5/60 - 3*p**4/4 + 19*p**3/6 - 3*p**2 - 51. What is n(-19)?
0
Let x = 59 - 48. Suppose -10 = 2*t - 2*n + 7*n, -3*t - n = -x. Let y(j) be the third derivative of -j**5/60 + j**4/4 - j**3/2 - j**2. Give y(t).
2
Let x(i) = 2*i**3 - 1. Suppose 0 = -5*s + 14*s - 126. Suppose -7*w - s = -7. Give x(w).
-3
Let a be (-22)/(-4) - (-2)/4. Let m = -274 + 284. Let w(v) = -m + a + 5 + 3*v**2. What is w(1)?
4
Let f be (-15)/((-180)/(-16))*-6. Let i(t) = -t**3 + 9*t**2 - 8*t - 5. What is i(f)?
-5
Let b be 0 - (-84)/8*-2. Let q = -10 - b. Let w(c) = -c**2 + 11*c - 6. Let j be w(q). Let z(d) = d**2 + 7*d + 4. Determine z(j).
-2
Let r(w) = -w**2 - 4*w - 5. Let s = -784 - -782. What is r(s)?
-1
Suppose -4*m = 2*f - 5*m + 15, 5*m = 2*f + 11. Let k(g) = g**2 + 8*g. Determine k(f).
0
Let k(f) = -101 + 52 + 2*f - 2*f**2 + 46. What is k(2)?
-7
Let o(w) = -3 - 2 - 14*w + 21*w + 2*w**2. Let c(q) = -3*q**2 - 14*q + 11. Let l(g) = 3*c(g) + 5*o(g). Suppose -4*y - 1 = i, 4*y = -2 - 6. Determine l(i).
8
Suppose 3*y + 2*a - 2 = 0, -2*y - a = y - 4. Suppose -4*g + 8 = y*v, 4 = -g + v - 3*v. Let l(j) = -j**2 + 4*j + 1. What is l(g)?
1
Let s(r) = -r - 3. Suppose -32*a + 85 + 75 = 0. What is s(a)?
-8
Let p(t) = -t**2 + 4*t - 1. Suppose -5*v - 3 = 7. Let a = v + -6. Let w be (-36)/21*28/a. Determine p(w).
-13
Suppose -4*g = 4*d - 36, -10 = d - 6*d + 2*g. Let l be d/1 + -3 + 43. Let v be (-16)/12 - l/12. Let w(f) = -f**2 - 5*f + 7. Determine w(v).
7
Let y(b) be the second derivative of -b**5/20 + 3*b**4/4 - 13*b**3/6 - 5*b**2/2 - 9*b + 2. What is y(7)?
2
Let a = 17 + -17. Let n(g) = g**2 + g - 5. What is n(a)?
-5
Let j be (-1 - -3) + -2 + 1. Let z(l) = -2*l + 3. Let d(g) = -g + 1. Let t(p) = j*d(p) - z(p). Let m(q) = q**3 - 3*q**2 - q + 4. Let n be m(3). What is t(n)?
-1
Let l(y) = -9*y**2 + 16*y - 5. Let z(d) = 5*d**2 - 8*d + 3. Let w(p) = -4*l(p) - 7*z(p). Determine w(7).
-8
Let u(v) be the second derivative of v**5/20 + 11*v**2/2 + 14*v. Let y(a) be the first derivative of u(a). What is y(2)?
12
Let n = -2 - -1. Let w(j) be the second derivative of j**4/24 + 17*j**2/2 - 24*j. Let g(b) be the first derivative of w(b). Calculate g(n).
-1
Let x(b) be the third derivative of -b**3 + b**2 + 0 + 1/8*b**4 + 0*b - 1/30*b**5. Let h(c) be the first derivative of x(c). Give h(2).
-5
Let b(a) = 7*a + 5. Suppose -5*h = -0*h - 15. Suppose 3 = t - h. Let l(y) = -20*y - 14. Let i(k) = t*l(k) + 17*b(k). Calculate i(-3).
4
Let o(g) = -g**2 + 12*g - 11. Let v be (-6)/1*140/(-105). What is o(v)?
21
Let r(t) be the first derivative of -t**6/360 + 7*t**4/24 - 4*t**3/3 - 17. Let j(s) be the third derivative of r(s). What is j(0)?
7
Let a(z) = 5*z + 1. Let n(j) = -3*j - 3. Let b be n(-7). Let i be (1 - 3) + 26 - 5. Let s = b - i. Determine a(s).
-4
Let k(t) = 2*t + 23 + 34 - 4*t - 52. Determine k(2).
1
Let a(c) = 14*c + 14. Let l(y) = 3*y - 1. Let b(q) = a(q) - 5*l(q). What is b(15)?
4
Let p(i) = 8*i - 1. Let j(h) = 5*h - 39. Let z(w) = w**3 + 4*w**2 - 4*w - 8. Let f be z(-4). Let s be j(f). Give p(s).
7
Let u(h) = -h**2 + 7*h + 11. Let z be u(8). Let j(i) = -1 - i**3 + 4*i**2 + 3 - i - z*i**2. Let y = -39 + 39. Determine j(y).
2
Let c(f) = -10*f**3 + 11*f**2 + 58*f + 8. Let x(i) = -3*i**3 + 4*i**2 + 17*i + 3. Let w(t) = 2*c(t) - 7*x(t). Determine w(7).
23
Let o be (-2)/(-3)*3/(-2). Let j = 9 - o. Let i(q) = -j - 2*q + 30 - 14. Calculate i(5).
-4
Let o(m) = 3*m**3 + 2*m**2 - 2. Let k be o(1). Let y(z) = -z**2 + z + 10. Determine y(k).
4
Suppose -2*g + 3*a = -14 - 9, 5*g - 40 = 4*a. Let x(n) = -4*n + n**2 + 0*n - 1 + g*n - n**3. What is x(1)?
-1
Let g(l) = -l**2 - 2*l - 1. Let k(i) = -3*i**2 - 17*i - 11. Let a(x) = -4*g(x) + k(x). Calculate a(10).
3
Let b = 5 - 10. Let j(t) = t**3 + 15*t**2 + 2*t - 6. Let k(v) = -v**3 - 13*v**2 - v + 5. Let f(d) = -4*j(d) - 5*k(d). What is f(b)?
14
Suppose 2*k + 2*t - 38 = 0, -4*k - 2*t = -t - 85. Let o be (-4)/k + (-68)/(-11). Let d(i) be the third 